p be t(7). Determine g(p).
-16
Suppose -5*x = 3*k + 328, -398 = 5*x - 4*k - 42. Let z be (x/170)/((-4)/10). Let r(w) = 10*w**2 + 1. Calculate r(z).
11
Let f = 11 - 9. Let c(v) = 193 - 191 + 0*v**f - 4*v + 2*v**2. Let q(b) = -b**2 + 6*b - 3. Let t be q(5). What is c(t)?
2
Let a(f) = f**2 + 35*f + 270. Let m be a(-23). Let w(p) = 3*p**2 - 2*p + 1. What is w(m)?
121
Let q(p) = -5*p - 18. Let i be q(-4). Let x(l) = -l**3 + 2*l + i + 8*l - 7*l + 2*l**2 + 5*l. Let c be x(4). Let h(r) = r - 4. Calculate h(c).
-2
Let x(r) = 4*r**2 - 7*r - 18. Let s(o) = o**2 - 1. Let m(y) = -5*s(y) + x(y). Let f be m(-2). Let p(b) = -3*b**2 + 4*b + b**2 + 2 + 3*b**2. Give p(f).
-1
Let i be (6/18)/(2/108*3). Let y(r) = i - 4*r + r + 2*r. Let o be (-4 - -6 - 6) + 10. Determine y(o).
0
Suppose -5*h - 25 = 20. Let t be -2*(-3)/(-27) + (-47)/h. Let a(p) = -5*p**3 + 6*p**3 + p**2 - 6*p**2 - 6. Determine a(t).
-6
Let v(i) = 28*i - 33. Let f be -2 + (-1)/(10/(-3) + (-2 - -5)). Give v(f).
-5
Let u be 6/(-15) - (-1490)/(-25). Let l = 65 + u. Suppose -3 = x + l. Let s(i) = i**3 + 8*i**2 + i + 11. Calculate s(x).
3
Let t(x) be the second derivative of x**4/6 - x**3/6 + 4*x**2 + 18*x - 29. Give t(3).
23
Let w(h) = h + 2. Let v(y) = y**2 + 3*y - 3. Let k be v(-3). Let m(s) = -5*s - 5. Let f(n) = k*w(n) - m(n). Give f(1).
1
Let m(z) be the first derivative of -z**4/4 + 14*z**3 + 41*z**2/2 + 90*z - 8502. What is m(43)?
4
Let w be 12/(-126) - (-20)/105 - 4/42. Let v(r) = r**2 + 2*r + 66. Determine v(w).
66
Let w(i) be the second derivative of -i**5/40 - i**4/3 - 11*i**3/6 + i**2 - 64*i. Let h(v) be the second derivative of w(v). Determine h(-7).
13
Suppose 65031*a = 65021*a + 30. Let r(x) be the third derivative of 0 - 1/3*x**a - 7/24*x**4 + 0*x + 1/120*x**6 + 21*x**2 - 1/12*x**5. Determine r(6).
-8
Let o(b) = -152*b - 114. Let s(z) = 198*z + 153. Let h(f) = 9*o(f) + 7*s(f). Give h(5).
135
Let t(u) = 2*u**3 + 7*u**2 - 9*u + 8. Let p(f) = 344*f + 3434. Let b be p(-10). Give t(b).
-118
Let r = 11 + -8. Let u(o) = 0*o**3 - 10*o + 2*o**r - o**3 + 10*o**2 + 16. Let v = 13457 - 13468. Determine u(v).
5
Let a(f) = -f**2 - 5*f - 1. Let l be a(-4). Let w be (-2)/((l - 6)/39). Suppose -3*o + o = 5*m - w, -4*o = 8. Let h(g) = -2*g + 9. Calculate h(m).
-3
Suppose -4*l - l = -4*g + 6, g - 9 = 5*l. Let y(o) = -2*o**2 - o. Let a(t) = -t**2 - 5*t - 5. Let f(r) = g*y(r) + a(r). Determine f(-2).
7
Let b be (-15 + 598/39)/((-1)/(-2544)). Let k(n) = -413*n + 17 - n**2 - 420*n + b*n. Determine k(13).
43
Let w(v) = -v**3 - 7*v**2 - 8*v - 9. Let j(f) be the second derivative of -f**4/12 + 13*f**3/6 - 21*f**2 + 82*f. Let a be j(9). Determine w(a).
3
Let o(z) = -4*z - 1. Let k(s) = -s**2 - 23*s - 33. Let d be k(-15). Let c(t) = -4*t**2 - 4*t - 11. Let u be c(-5). Let p = u + d. Calculate o(p).
15
Suppose -4*k = 8, 0 = -2*f - 459*k + 457*k - 10. Let x(a) = 4*a**2 + 5*a + 10. Give x(f).
31
Let d(n) be the third derivative of -n**6/120 - 59*n**5/60 - 109*n**4/12 + 18*n**3 - n**2 - 2555*n. Give d(-55).
-2
Let t(l) be the third derivative of l**4/12 + 19*l**3/6 + 4752*l**2 - l. Determine t(-4).
11
Let u(n) = 8*n**3 - 3*n + 1. Let f(i) = -i**2 - 77*i - 1394. Let p be f(-29). Determine u(p).
-57
Let c(l) = l**3 + 7*l**2 + 3*l - 2. Let q(t) = -17*t - 71. Let r(f) = -9*f - 36. Let d(j) = 4*q(j) - 7*r(j). Let v be d(-5). Calculate c(v).
-23
Let y(r) = -89*r - 27. Let o be y(-2). Suppose 23*c = -o - 33. Let k(z) = z**2 + 12*z + 31. What is k(c)?
-1
Let v = -1501/8 + 188. Let g(t) be the third derivative of -1/60*t**5 + 0*t - 1/3*t**3 + 0 + v*t**4 - 17*t**2. Calculate g(7).
12
Let k(v) = -4*v**3 - 19*v**2 + 11*v + 58. Let p(x) = -9*x**3 - 39*x**2 + 25*x + 125. Let q(b) = 7*k(b) - 3*p(b). Give q(-16).
-1
Let u be (4/4*30/10)/((-6)/(-4)). Let f(b) be the first derivative of 3 + 1/2*b**u + 0*b - 2/3*b**3. Give f(2).
-6
Let q(x) = x + 12. Let t be (6/(-4))/((-13)/546). Suppose t = -6*y - 3. Give q(y).
1
Let h(y) = -y - 12. Let w be h(-18). Suppose 0 = 9*m - w*m. Suppose m = 13*u - 61 + 9. Let r(a) = a - 5. Give r(u).
-1
Let q be 20/(-8)*(-4)/(-5)*2. Let t(n) = -14*n - 55. Let l be t(q). Let m(c) = 24*c**2 + c. Determine m(l).
25
Let d(w) be the second derivative of -5/3*w**3 + 0 + 2/3*w**4 - 155*w + 5/2*w**2 + 1/20*w**5. Give d(-9).
14
Let y(m) = m**3 - 10 + 12*m - 4*m + 7*m**2 + 18. Suppose 0 = -4*i + 3*f - 18, 5*f + 42 - 8 = -4*i. Calculate y(i).
-4
Let j be 0/(1 - (10 + -10)). Let u(l) = -l**3 - 6*l**2 - l - 5. Let z be u(-6). Let f(t) = -z - 2*t**2 + t**2 - 1. Determine f(j).
-2
Let i be ((-46)/(-161))/(3/21). Let w(y) = 3 + 6 - 10*y + 95*y**i + 90*y**2 - 284*y**2 + 100*y**2. Determine w(9).
0
Let t(l) be the third derivative of l**5/20 - 3*l**3/2 - 14*l**2 + 3*l. Let b be t(2). Let j(k) = -4 + 0*k + 6*k + 0*k. Give j(b).
14
Let d(j) = 62*j - 12 + j**2 + 5 - 54*j. Let q(a) be the second derivative of -a**5/20 + a**4/2 - 4*a**3/3 - 5*a**2/2 - 7*a. Let x be q(4). Calculate d(x).
-22
Let h(v) = -3*v + 4 - 4. Let f(p) = -3*p + 25. Let z be f(37). Let q = z + 85. Determine h(q).
3
Suppose h = -2*l - l + 12, 0 = -4*l - 4*h + 24. Suppose -t + l*p + 7 = 0, -4*t - p + 37 = 9. Let d(m) = m + 1 + 1 - t + 1. What is d(-8)?
-12
Let l(n) = n**3 - 8*n**2 + 10*n - 8. Let o be 3354/11 - (-1)/11. Suppose -302*h - 21 = -o*h. What is l(h)?
13
Let i(b) = 17*b**2 - 4*b**3 - 5*b**3 + 5 - 13*b**3 + 28*b**3 - 8*b. Let q(y) = -2*y**3 - 6*y**2 + 3*y - 2. Let r(f) = 3*i(f) + 8*q(f). What is r(-2)?
-5
Suppose c - 5*w - 22 + 54 = 0, -4*c = 2*w + 128. Let f be ((-24)/c - 0) + 17/4. Let i(m) be the first derivative of -m**2 + 4*m - 1. What is i(f)?
-6
Let r(x) = -2*x**2 + 14*x + 6. Let w(a) = -2*a**2 + 21*a + 10. Let l(q) = 7*r(q) - 5*w(q). Calculate l(-1).
-5
Let h(j) = j**3 - 7*j**2 + 2*j + 6. Let q be ((-552)/(-36) - 6)/((-4)/(-6)). Let n(l) = -15*l + 12 + 7 + l**2 + 1. Let g be n(q). Give h(g).
-18
Suppose 3*o - 5*o = 0. Let r(s) = -s**2 - s + 4. Calculate r(o).
4
Suppose 8*v - 3*v + 2*m + 16 = 0, 0 = -3*v - 4*m - 18. Let p = -2 + v. Let f(t) = -t**2 - 5. Calculate f(p).
-21
Let u(a) = -7*a + 8. Let j = -6 + 12. Let h(t) = -20*t + 3. Let v(q) = -42*q + 5. Let x(m) = -13*h(m) + 6*v(m). Let f(y) = j*x(y) + 7*u(y). Calculate f(0).
2
Let i(o) be the third derivative of -o**7/1260 + o**6/720 - 79*o**5/60 + 21*o**2. Let s(v) be the third derivative of i(v). Calculate s(-1).
5
Let m(b) = -4*b**2 + b - 1. Let g = -38 + -5. Let c = -32 - g. Let n = c + -10. Determine m(n).
-4
Let i(d) = 22*d**3 - 11*d**2 - 30*d + 39. Let l(o) = -9*o**3 + 6*o**2 + 11*o - 19. Let t(y) = 2*i(y) + 5*l(y). What is t(5)?
33
Let d(w) = -w**3 + 3*w**2 + 3*w + 2. Suppose 3*m = -4*s + 27, 4*m - 429*s = -424*s + 5. What is d(m)?
-33
Let y = -32500 + 32498. Let u(q) = 5*q**2 - 4*q. Let h(w) = 14*w**2 - 11*w. Let s(o) = -4*h(o) + 11*u(o). Give s(y).
-4
Let j(x) = -5*x**3 + 18*x**2 - 6*x. Let z(t) = t**3 - t**2 + t. Let d(a) = j(a) + 6*z(a). Let c = -1213 + 1225. Let v be (-3)/6*12 + (6 - c). Give d(v).
0
Suppose 3*c + 87*p + 20 = 91*p, 4*c + 24 = 4*p. Let x(d) = 12*d - 23. Give x(c).
-71
Let v(y) = -2*y - 4*y + 9 + 4*y. Let s be v(6). Let n(q) = -4 + 28*q**2 + q**3 + 33*q**2 + 9*q**2 - 4*q - 67*q**2. Calculate n(s).
8
Let t(c) = -c**2 + 10*c + 2. Let i(v) = 3*v**2 - 15*v - 84. Let q(g) = -i(g) - 2*t(g). Calculate q(-12).
-4
Let x be (-5)/(-2*(-5)/(-20)). Let m be x/4*(-28)/35. Let v(r) = r**2 + 9*r + 4. Let w(u) = 3*u**2 + 28*u + 13. Let h(k) = m*w(k) + 7*v(k). Determine h(-5).
-8
Let u(s) = -s**3 - 6*s**2 - s + 2. Let h = 99 + -143. Let r = 24 + h. Let v = -26 - r. Give u(v).
8
Let f = 35569 + -35570. Let w(p) be the second derivative of 0 + 19/20*p**5 - 1/3*p**3 - 1/2*p**2 + 0*p**4 - 2*p. What is w(f)?
-18
Let q(d) = 18*d**2 + 27*d + 27*d**2 - 74*d**2 + 1 + d**3 + 18*d**2. Let m be q(7). Let s(o) = -5 - 4*o**2 + 10*o**2 - o + o**3 + o + o. Determine s(m).
-11
Let k(d) = 13*d + 0 + 8 - 7*d - 1 - 6. Calculate k(2).
13
Let y(h) = h**3 - h**2 - h + 4. Let r(n) = 2*n**3 - 2*n**2 - 3*n + 5. Let b(l) = 2*r(l) - 5*y(l). Give b(-5).
145
Let u(l) be the third derivative of -l**6/120 - 2*l**5/15 - l**4/4 - 5*l**3/3 + 43*l**2 + 37*l. What is u(-7)?
-17
Let s(h) = h - 33. Let i = -2538 + 2574. Determine s(i).
3
Let d be (10 - 704/77)*-14. Let s(t) = t**3 + 11*t**2 - 9*t + 16. What is s(d)?
-2